{"id":9,"date":"2016-03-16T18:35:45","date_gmt":"2016-03-16T18:35:45","guid":{"rendered":"https:\/\/marbella.wordcamp.org\/2016\/sessions\/"},"modified":"2016-05-25T09:02:45","modified_gmt":"2016-05-25T09:02:45","slug":"ponencias","status":"publish","type":"page","link":"https:\/\/marbella.wordcamp.org\/2016\/ponencias\/","title":{"rendered":"Ponencias"},"content":{"rendered":"\n\t<div class=\"wcorg-sessions\">\n\t\t\n\t\t\t<div id=\"wcorg-session-556\" class=\"wcorg-session\" >\n\t\t\t\t<h2>\n\t\t\t\t\tCuida tu imagen en WordPress\t\t\t\t<\/h2>\n\n\t\t\t\t<div class=\"wcorg-session-description\">\n\t\t\t\t\t\t\t\t\t\t<p class=\"wcpt-session-meta\">Impartido por <a href=\"https:\/\/marbella.wordcamp.org\/2016\/speaker\/beatriz-lavela\/\">Beatriz Lavela<\/a> en Sal\u00f3n actos Andaluc\u00eda Lab.<\/p>\t\t\t\t\t<img alt='' src='https:\/\/secure.gravatar.com\/avatar\/426ce871c26e1f22ec77f9afac99949daeaf67449e9b0abfabc3b20604658aff?s=150&#038;d=mm&#038;r=g' class='avatar avatar-150 photo' height='150' width='150' \/>\t\t\t\t\t<p>Las im\u00e1genes son unos de los recursos m\u00e1s importantes a la hora de afrontar un dise\u00f1o o un desarrollo con WordPress.\u00a0Vamos a tratar transversalmente la influencia de las im\u00e1genes en los distintos aspectos de una web: dise\u00f1o, optimizaci\u00f3n, SEO, usabilidad&#8230;<\/p>\n\n\t\t\t\t\t\t\t\t\t<\/div>\n\t\t\t<\/div>\n\n\t\t\n\t\t\t<div id=\"wcorg-session-553\" class=\"wcorg-session\" >\n\t\t\t\t<h2>\n\t\t\t\t\tDise\u00f1o de Producto Digital con WordPress\t\t\t\t<\/h2>\n\n\t\t\t\t<div class=\"wcorg-session-description\">\n\t\t\t\t\t\t\t\t\t\t<p class=\"wcpt-session-meta\">Impartido por <a href=\"https:\/\/marbella.wordcamp.org\/2016\/speaker\/abel-sutilo\/\">Abel Sutilo<\/a> en Sal\u00f3n actos Andaluc\u00eda Lab.<\/p>\t\t\t\t\t<img alt='' src='https:\/\/secure.gravatar.com\/avatar\/952650443e78b90ca54f61ab6436bd355e0f1c9fdbf5f79bbc46995df3f40f82?s=150&#038;d=mm&#038;r=g' class='avatar avatar-150 photo' height='150' width='150' \/>\t\t\t\t\t<p>El mercado de temas (tambi\u00e9n llamadas plantillas) es una realidad global desde hace muchos a\u00f1os en el sector de la creaci\u00f3n de sitios con WordPress. Gracias a estos marketplaces nuestros proyectos pueden resultar m\u00e1s rentables y atractivos realizando una m\u00ednima inversi\u00f3n.<\/p>\n<p>Partiendo de esa realidad, en esta charla hablaremos de negocio y hablaremos de dise\u00f1o. Nos preguntaremos d\u00f3nde nos sit\u00faa la realidad del marketplace de temas cuando nuestro rol es el de dise\u00f1adores de interfaz (dise\u00f1ador UI). Nos preguntaremos d\u00f3nde nos sit\u00faa cuando nuestro rol es del dise\u00f1ador de interacci\u00f3n (dise\u00f1ador UX). Descubriremos una propuesta de flujo de trabajo para poder aplicar nuestra creatividad bajo un modelo de gesti\u00f3n de riesgos que minimice el impacto en tiempos y costes.<\/p>\n\n\t\t\t\t\t\t\t\t\t<\/div>\n\t\t\t<\/div>\n\n\t\t\n\t\t\t<div id=\"wcorg-session-549\" class=\"wcorg-session\" >\n\t\t\t\t<h2>\n\t\t\t\t\tOptimiza tu WordPress para pasar el Pagespeed de Google\t\t\t\t<\/h2>\n\n\t\t\t\t<div class=\"wcorg-session-description\">\n\t\t\t\t\t\t\t\t\t\t<p class=\"wcpt-session-meta\">Impartido por <a href=\"https:\/\/marbella.wordcamp.org\/2016\/speaker\/antonio-torres\/\">Antonio Torres<\/a> en Sal\u00f3n actos Andaluc\u00eda Lab.<\/p>\t\t\t\t\t<img alt='' src='https:\/\/secure.gravatar.com\/avatar\/94755a7521bfb720e5878eb9782f83961a0835aa14e301c2feb7f069b6462b4a?s=150&#038;d=mm&#038;r=g' class='avatar avatar-150 photo' height='150' width='150' \/>\t\t\t\t\t<p>Explicaci\u00f3n del pagespeed de google y como mejorar todos las factores que influyen en el mismo, velocidad servidor, imagenes, css, javascript, etc..<\/p>\n\n\t\t\t\t\t\t\t\t\t<\/div>\n\t\t\t<\/div>\n\n\t\t\n\t\t\t<div id=\"wcorg-session-547\" class=\"wcorg-session\" >\n\t\t\t\t<h2>\n\t\t\t\t\tEl futuro de WordPress\t\t\t\t<\/h2>\n\n\t\t\t\t<div class=\"wcorg-session-description\">\n\t\t\t\t\t\t\t\t\t\t<p class=\"wcpt-session-meta\">Impartido por <a href=\"https:\/\/marbella.wordcamp.org\/2016\/speaker\/rafa-poveda\/\">Rafa Poveda<\/a> en Sal\u00f3n actos Andaluc\u00eda Lab.<\/p>\t\t\t\t\t<img alt='' src='https:\/\/secure.gravatar.com\/avatar\/ea3385f8fe14be10e41fb5bd87e9b3cd6035876fe36a9a6a8f27b5d7d8e02e2f?s=150&#038;d=mm&#038;r=g' class='avatar avatar-150 photo' height='150' width='150' \/>\t\t\t\t\t<p>\u00bfHacia d\u00f3nde se dirige WordPress? REST API,Ghost, Calypso\u2026 Rafa Poveda nos explicar\u00e1 algunos de las l\u00edneas por las que se mover\u00e1 WordPress en los pr\u00f3ximos a\u00f1os.<\/p>\n\n\t\t\t\t\t\t\t\t\t<\/div>\n\t\t\t<\/div>\n\n\t\t\n\t\t\t<div id=\"wcorg-session-377\" class=\"wcorg-session\" >\n\t\t\t\t<h2>\n\t\t\t\t\tOptimiza tu wordpress para pasar el pagespeed de google\t\t\t\t<\/h2>\n\n\t\t\t\t<div class=\"wcorg-session-description\">\n\t\t\t\t\t\t\t\t\t\t<p class=\"wcpt-session-meta\">Impartido por <a href=\"https:\/\/marbella.wordcamp.org\/2016\/speaker\/antonio-torres\/\">Antonio Torres<\/a> en Sal\u00f3n actos Andaluc\u00eda Lab.<\/p>\t\t\t\t\t<img alt='' src='https:\/\/secure.gravatar.com\/avatar\/94755a7521bfb720e5878eb9782f83961a0835aa14e301c2feb7f069b6462b4a?s=150&#038;d=mm&#038;r=g' class='avatar avatar-150 photo' height='150' width='150' \/>\t\t\t\t\t<p>Optimizaci\u00f3n servidor, software del servidor, depuraci\u00f3n de wordpress con debug, reparaci\u00f3n de expires,  css, imagenes, deflate,  etc..  y todos los elementos del test de pagespeed de google para dar una puntuaci\u00f3n alta en el test.<\/p>\n\n\t\t\t\t\t\t\t\t\t<\/div>\n\t\t\t<\/div>\n\n\t\t\n\t\t\t<div id=\"wcorg-session-318\" class=\"wcorg-session\" >\n\t\t\t\t<h2>\n\t\t\t\t\tProtecci\u00f3n de datos, email marketing y WordPress\t\t\t\t<\/h2>\n\n\t\t\t\t<div class=\"wcorg-session-description\">\n\t\t\t\t\t\t\t\t\t\t<p class=\"wcpt-session-meta\">Impartido por <a href=\"https:\/\/marbella.wordcamp.org\/2016\/speaker\/antonio-felipe-martin-reyes\/\">Antonio Felipe Mart\u00edn Reyes<\/a> en Sal\u00f3n actos Andaluc\u00eda Lab.<\/p>\t\t\t\t\t<img alt='' src='https:\/\/secure.gravatar.com\/avatar\/e462ffcb082940dae541e135be8adf66670ec47dc886061a6835c88d700384cf?s=150&#038;d=mm&#038;r=g' class='avatar avatar-150 photo' height='150' width='150' \/>\t\t\t\t\t<p>Hacer un buen trabajo de email marketing es un reto para todos los profesionales y empresas. En esta ponencia veremos como conseguirlo: como incorporar la pol\u00edtica de protecci\u00f3n de datos, que plugins podemos usar, como podemos hacer crecer nuestra lista de suscriptores, como crear boletines de noticias y como analizar los resultados de los env\u00edos. As\u00ed mismo veremos los diferentes servicios que nos ofrecen estas funcionalidades desde dentro y fuera de WordPress.<\/p>\n\n\t\t\t\t\t\t\t\t\t<\/div>\n\t\t\t<\/div>\n\n\t\t\n\t\t\t<div id=\"wcorg-session-453\" class=\"wcorg-session\" >\n\t\t\t\t<h2>\n\t\t\t\t\tConvierte cualquier WordPress en una tienda On-line\t\t\t\t<\/h2>\n\n\t\t\t\t<div class=\"wcorg-session-description\">\n\t\t\t\t\t\t\t\t\t\t<p class=\"wcpt-session-meta\">Impartido por <a href=\"https:\/\/marbella.wordcamp.org\/2016\/speaker\/ruben-alcala\/\">Ruben Alcal\u00e1<\/a> en Sal\u00f3n actos Andaluc\u00eda Lab.<\/p>\t\t\t\t\t<img alt='' src='https:\/\/secure.gravatar.com\/avatar\/288c55db7f0b8070f25ce8f4818b9032c8514ebb0b4daa71fc38c1b7b72eeb53?s=150&#038;d=mm&#038;r=g' class='avatar avatar-150 photo' height='150' width='150' \/>\t\t\t\t\t<p>Con la ayuda de WooComerce explicaremos como hacer de cualquier web construida con WordPress en una tienda online completa, donde poder vender productos tanto f\u00edsicos como digitales. as\u00ed como configurar distintas formas de pago. Y todo ello de forma f\u00e1cil y sin complicaciones.<\/p>\n\n\t\t\t\t\t\t\t\t\t<\/div>\n\t\t\t<\/div>\n\n\t\t\n\t\t\t<div id=\"wcorg-session-446\" class=\"wcorg-session\" >\n\t\t\t\t<h2>\n\t\t\t\t\tWordPress Multiling\u00fce\t\t\t\t<\/h2>\n\n\t\t\t\t<div class=\"wcorg-session-description\">\n\t\t\t\t\t\t\t\t\t\t<p class=\"wcpt-session-meta\">Impartido por <a href=\"https:\/\/marbella.wordcamp.org\/2016\/speaker\/andres-cifuentes\/\">Andr\u00e9s Cifuentes<\/a> en Sal\u00f3n actos Andaluc\u00eda Lab.<\/p>\t\t\t\t\t<img alt='' src='https:\/\/secure.gravatar.com\/avatar\/f1afbdd2482acadf9abeb069d68bb464523a791068e34269c1330ca1671460c4?s=150&#038;d=mm&#038;r=g' class='avatar avatar-150 photo' height='150' width='150' \/>\t\t\t\t\t<p>Esta ponencia tiene como obejto describir el estado actual de WordPress multiling\u00fce. Comenzaremos hablando sobre las consideraciones necesarias antes de escoger una\u00a0 herramienta, para\u00a0 finalizar con los plugins disponibles, su enfoque, pros y contras.<\/p>\n\n\t\t\t\t\t\t\t\t\t<\/div>\n\t\t\t<\/div>\n\n\t\t\n\t\t\t<div id=\"wcorg-session-444\" class=\"wcorg-session\" >\n\t\t\t\t<h2>\n\t\t\t\t\t\u00bfC\u00f3mo crear una red social desde cero?\t\t\t\t<\/h2>\n\n\t\t\t\t<div class=\"wcorg-session-description\">\n\t\t\t\t\t\t\t\t\t\t<p class=\"wcpt-session-meta\">Impartido por <a href=\"https:\/\/marbella.wordcamp.org\/2016\/speaker\/andy-garcia\/\">Andy Garc\u00eda<\/a> en Sal\u00f3n actos Andaluc\u00eda Lab.<\/p>\t\t\t\t\t<img alt='' src='https:\/\/secure.gravatar.com\/avatar\/d8e87fe432d31be31ea0a2aea1e50d90dba0122406002bc66aeb35eff3f82152?s=150&#038;d=mm&#038;r=g' class='avatar avatar-150 photo' height='150' width='150' \/>\t\t\t\t\t<p>\u00bfNecesita el mundo una nueva red social? \u00bfNecesita tu web ser o parecer una red social? \u00bfNecesita tu comunidad de usuarios poder interactuar entre ellos en tu web como lo hacen en una red social?<br \/>\nEn esta conferencia, Andy Garc\u00eda, profesional de WordPress desde hace una d\u00e9cada, no va a responder a ninguna de estas preguntas, en su lugar demostrar\u00e1 las claves para instalar BuddyPress y algunos plugins relacionados para que puedas crear tu propia red social desde cero.<\/p>\n\n\t\t\t\t\t\t\t\t\t<\/div>\n\t\t\t<\/div>\n\n\t\t\n\t\t\t<div id=\"wcorg-session-442\" class=\"wcorg-session\" >\n\t\t\t\t<h2>\n\t\t\t\t\t\u00bfPuedo alojar mi WordPress en un servidor en Estados Unidos? Regulaci\u00f3n legal tras la anulaci\u00f3n de Safe Harbour\t\t\t\t<\/h2>\n\n\t\t\t\t<div class=\"wcorg-session-description\">\n\t\t\t\t\t\t\t\t\t\t<p class=\"wcpt-session-meta\">Impartido por <a href=\"https:\/\/marbella.wordcamp.org\/2016\/speaker\/camino-garcia-murillo\/\">Camino Garc\u00eda Murillo<\/a> en Sal\u00f3n actos Andaluc\u00eda Lab.<\/p>\t\t\t\t\t<img alt='' src='https:\/\/secure.gravatar.com\/avatar\/6ce8bb910c62ad1787577e22ac7710a7b41f345298b153267159f9aa410d759e?s=150&#038;d=mm&#038;r=g' class='avatar avatar-150 photo' height='150' width='150' \/>\t\t\t\t\t<p>En esta ponencia se analizar\u00e1n las principales novedades legislativas tras la anulaci\u00f3n de Safe Harbour, en relaci\u00f3n con el alojamiento de datos personales \u00a0en servidores ubicados en EEUU.<\/p>\n\n\t\t\t\t\t\t\t\t\t<\/div>\n\t\t\t<\/div>\n\n\t\t\n\t\t\t<div id=\"wcorg-session-434\" class=\"wcorg-session\" >\n\t\t\t\t<h2>\n\t\t\t\t\t7 pasos que debes dar para ganar dinero (de verdad) con tu WordPress\t\t\t\t<\/h2>\n\n\t\t\t\t<div class=\"wcorg-session-description\">\n\t\t\t\t\t\t\t\t\t\t<p class=\"wcpt-session-meta\">Impartido por <a href=\"https:\/\/marbella.wordcamp.org\/2016\/speaker\/mercedes-romero\/\">Mercedes Romero<\/a>, <a href=\"https:\/\/marbella.wordcamp.org\/2016\/speaker\/roberto-miralles\/\">Roberto Miralles<\/a> en Sal\u00f3n actos Andaluc\u00eda Lab.<\/p>\t\t\t\t\t<img alt='' src='https:\/\/secure.gravatar.com\/avatar\/24f9c47c8104b9988ac0b2e6fe1d29e8edda4d77c61f621b41a7f5c0b9a7d3ad?s=150&#038;d=mm&#038;r=g' class='avatar avatar-150 photo' height='150' width='150' \/><img alt='' src='https:\/\/secure.gravatar.com\/avatar\/b127c7c33e57fdf9c9d271ae5ded1abce53be2d1acb3b2c792e7df08de69e293?s=150&#038;d=mm&#038;r=g' class='avatar avatar-150 photo' height='150' width='150' \/>\t\t\t\t\t<p>Crear un sitio con WordPress es sencillo, pero conseguir clientes o ventas con \u00e9l no lo es tanto.<br \/>\nEn esta charla te mostraremos algunas de las acciones de \u00e9xito que hemos podido aprender a lo largo de los a\u00f1os y que cualquiera puede (y debe) llevar a cabo para que su sitio web sea rentable y pueda obtener clientes para sus productos y\/o servicios.<\/p>\n<p>\u00bfTe apuntas?<\/p>\n\n\t\t\t\t\t\t\t\t\t<\/div>\n\t\t\t<\/div>\n\n\t\t\t<\/div><!-- .wcorg-sessions -->\n\n\t\n","protected":false},"excerpt":{"rendered":"","protected":false},"author":14821767,"featured_media":0,"parent":0,"menu_order":0,"comment_status":"closed","ping_status":"closed","template":"page-templates\/full-width.php","meta":{"jetpack_post_was_ever_published":false,"footnotes":""},"class_list":["post-9","page","type-page","status-publish","hentry"],"jetpack_sharing_enabled":true,"jetpack_shortlink":"https:\/\/wp.me\/P7lm45-9","_links":{"self":[{"href":"https:\/\/marbella.wordcamp.org\/2016\/wp-json\/wp\/v2\/pages\/9","targetHints":{"allow":["GET"]}}],"collection":[{"href":"https:\/\/marbella.wordcamp.org\/2016\/wp-json\/wp\/v2\/pages"}],"about":[{"href":"https:\/\/marbella.wordcamp.org\/2016\/wp-json\/wp\/v2\/types\/page"}],"author":[{"embeddable":true,"href":"https:\/\/marbella.wordcamp.org\/2016\/wp-json\/wp\/v2\/users\/14821767"}],"replies":[{"embeddable":true,"href":"https:\/\/marbella.wordcamp.org\/2016\/wp-json\/wp\/v2\/comments?post=9"}],"version-history":[{"count":4,"href":"https:\/\/marbella.wordcamp.org\/2016\/wp-json\/wp\/v2\/pages\/9\/revisions"}],"predecessor-version":[{"id":529,"href":"https:\/\/marbella.wordcamp.org\/2016\/wp-json\/wp\/v2\/pages\/9\/revisions\/529"}],"wp:attachment":[{"href":"https:\/\/marbella.wordcamp.org\/2016\/wp-json\/wp\/v2\/media?parent=9"}],"curies":[{"name":"wp","href":"https:\/\/api.w.org\/{rel}","templated":true}]}}