{"id":8,"date":"2016-03-16T18:35:45","date_gmt":"2016-03-16T18:35:45","guid":{"rendered":"https:\/\/marbella.wordcamp.org\/2016\/speakers\/"},"modified":"2016-05-26T05:09:57","modified_gmt":"2016-05-26T05:09:57","slug":"ponentes","status":"publish","type":"page","link":"https:\/\/marbella.wordcamp.org\/2016\/ponentes\/","title":{"rendered":"Ponentes"},"content":{"rendered":"\n\t<div class=\"wcorg-speakers\">\n\n\t\t\n\t\t\t<!-- Organizers note: The id attribute is deprecated and only remains for backwards compatibility, please use the corresponding class to target individual speakers -->\n\t\t\t<div id=\"wcorg-speaker-andres-cifuentes\" class=\"wcorg-speaker wcorg-speaker-andres-cifuentes wcorg-track-salon-actos-andalucia-lab\">\n\t\t\t\t<h2>\n\t\t\t\t\t\n\t\t\t\t\t\tAndr\u00e9s Cifuentes\n\t\t\t\t\t\t\t\t\t<\/h2>\n\n\t\t\t\t<div class=\"wcorg-speaker-description\">\n\t\t\t\t\t<img alt='' src='https:\/\/secure.gravatar.com\/avatar\/f1afbdd2482acadf9abeb069d68bb464523a791068e34269c1330ca1671460c4?s=100&#038;d=mm&#038;r=g' srcset='https:\/\/secure.gravatar.com\/avatar\/f1afbdd2482acadf9abeb069d68bb464523a791068e34269c1330ca1671460c4?s=200&#038;d=mm&#038;r=g 2x' class='avatar avatar-100 photo' height='100' width='100' \/>\t\t\t\t\t<p>Desarrollador front-end. Despu\u00e9s de trabajar en Francia por 3 a\u00f1os, decid\u00ed mudarme para Sevilla hace a\u00f1o y medio donde he encontrado una comunidad muy activa, madura y acogedora.<\/p>\n<p>Actualmente trabajo en OnTheGoSystems en el soporte y traning de WPML. Apasionado de WordPress y nuestra comunidad. Tambi\u00e9n soy amante de las nuevas tecnolog\u00edas y me gusta buscar nuevas soluciones pensando en mejorar la experiencia del usuario.<\/p>\n\t\t\t\t<\/div>\n\t\t\t<\/div>\n\n\t\t\n\t\t\t<!-- Organizers note: The id attribute is deprecated and only remains for backwards compatibility, please use the corresponding class to target individual speakers -->\n\t\t\t<div id=\"wcorg-speaker-roberto-miralles\" class=\"wcorg-speaker wcorg-speaker-roberto-miralles wcorg-track-salon-actos-andalucia-lab\">\n\t\t\t\t<h2>\n\t\t\t\t\t\n\t\t\t\t\t\tRoberto Miralles\n\t\t\t\t\t\t\t\t\t<\/h2>\n\n\t\t\t\t<div class=\"wcorg-speaker-description\">\n\t\t\t\t\t<img alt='' src='https:\/\/secure.gravatar.com\/avatar\/b127c7c33e57fdf9c9d271ae5ded1abce53be2d1acb3b2c792e7df08de69e293?s=100&#038;d=mm&#038;r=g' srcset='https:\/\/secure.gravatar.com\/avatar\/b127c7c33e57fdf9c9d271ae5ded1abce53be2d1acb3b2c792e7df08de69e293?s=200&#038;d=mm&#038;r=g 2x' class='avatar avatar-100 photo' height='100' width='100' \/>\t\t\t\t\t<p>Roberto es dise\u00f1ador web en el estudio de desarrollo web blogalizate, que comparte con Mercedes Romero, y est\u00e1 especializado en WordPress, con el que trabaja cada d\u00eda desde que se levanta, hasta que se acuesta.<\/p>\n<p>Cada vez que un cliente le propone un proyecto web, siempre ofrece una soluci\u00f3n basada en WordPress, ya que es un firme defensor del emprendimiento digital a trav\u00e9s del software libre y muy especialmente del emprendimiento con WordPress.<\/p>\n<p>Le encanta hablar y relacionarme con personas que comparten sus mismos intereses e inquietudes, con los que comparte su experiencia en el desarrollo de negocios basados en WordPress. Como dato interesante, su primera empresa la cre\u00f3 a los 25 a\u00f1os, cuando muy pocos j\u00f3venes emprend\u00edan, y desde entonces siempre ha sido su propio jefe.<\/p>\n<p>Roberto ha colaborado en diferentes ocasiones ofreciendo charlas en WordCamp y meetup a lo largo y ancho de toda Espa\u00f1a, siendo el fundador, junto a Mercedes Romero de la WordPress Meetup Marbella (M\u00e1laga). Tambi\u00e9n es el fundador del grupo de Facebook, WordPress Espa\u00f1a, compartiendo la administraci\u00f3n del mismo con compa\u00f1eros de la Comunidad WordPress de Espa\u00f1a.<br \/>\nActualmente se encuentra organizando la WordPress Meetup Chiclana (C\u00e1diz)<\/p>\n\t\t\t\t<\/div>\n\t\t\t<\/div>\n\n\t\t\n\t\t\t<!-- Organizers note: The id attribute is deprecated and only remains for backwards compatibility, please use the corresponding class to target individual speakers -->\n\t\t\t<div id=\"wcorg-speaker-camino-garcia-murillo\" class=\"wcorg-speaker wcorg-speaker-camino-garcia-murillo wcorg-track-salon-actos-andalucia-lab\">\n\t\t\t\t<h2>\n\t\t\t\t\t\n\t\t\t\t\t\tCamino Garc\u00eda Murillo\n\t\t\t\t\t\t\t\t\t<\/h2>\n\n\t\t\t\t<div class=\"wcorg-speaker-description\">\n\t\t\t\t\t<img alt='' src='https:\/\/secure.gravatar.com\/avatar\/6ce8bb910c62ad1787577e22ac7710a7b41f345298b153267159f9aa410d759e?s=100&#038;d=mm&#038;r=g' srcset='https:\/\/secure.gravatar.com\/avatar\/6ce8bb910c62ad1787577e22ac7710a7b41f345298b153267159f9aa410d759e?s=200&#038;d=mm&#038;r=g 2x' class='avatar avatar-100 photo' height='100' width='100' \/>\t\t\t\t\t<p>Abogada especializada en derecho TIC. M\u00e1ster en Derecho de las Telecomunicaciones y Tecnolog\u00edas de la Informaci\u00f3n por la Universidad Carlos III de Madrid.\u00a0 Actualmente, abogada-socia de <a href=\"https:\/\/sinerlex.wordpress.com\/\"><b>SINERLEX ABOGADOS<\/b><\/a>, Bufete especializado en asesoramiento legal y protecci\u00f3n jur\u00eddica en entornos digitales, delitos tecnol\u00f3gicos, comercio electr\u00f3nico y protecci\u00f3n de datos.\u00a0 Miembro de ENATIC y de la Secci\u00f3n de derecho TIC del Ilustre Colegio de Abogados de M\u00e1laga.<\/p>\n<p><a href=\"https:\/\/twitter.com\/Caminogarciam\">@Caminogarciam<\/a>\u00a0|\u00a0<a href=\"http:\/\/www.sinerlex.com\/\">http:\/\/www.sinerlex.com<\/a><\/p>\n\t\t\t\t<\/div>\n\t\t\t<\/div>\n\n\t\t\n\t\t\t<!-- Organizers note: The id attribute is deprecated and only remains for backwards compatibility, please use the corresponding class to target individual speakers -->\n\t\t\t<div id=\"wcorg-speaker-antonio-torres\" class=\"wcorg-speaker wcorg-speaker-antonio-torres wcorg-track-salon-actos-andalucia-lab\">\n\t\t\t\t<h2>\n\t\t\t\t\t\n\t\t\t\t\t\tAntonio Torres\n\t\t\t\t\t\t\t\t\t<\/h2>\n\n\t\t\t\t<div class=\"wcorg-speaker-description\">\n\t\t\t\t\t<img alt='' src='https:\/\/secure.gravatar.com\/avatar\/94755a7521bfb720e5878eb9782f83961a0835aa14e301c2feb7f069b6462b4a?s=100&#038;d=mm&#038;r=g' srcset='https:\/\/secure.gravatar.com\/avatar\/94755a7521bfb720e5878eb9782f83961a0835aa14e301c2feb7f069b6462b4a?s=200&#038;d=mm&#038;r=g 2x' class='avatar avatar-100 photo' height='100' width='100' \/>\t\t\t\t\t<p><span class=\"message_body\"><span class=\"short_text\">Programador senior desarrollando m\u00e1s de 8 a\u00f1os, en todo este tiempo WordPress ha estado presente en muchos de los proyectos, ya sea desarrollando plugins, plantillas o proyectos para empresas privadas. <\/span><\/span><\/p>\n<p><span class=\"message_body\"><span class=\"short_text\">Actualmente trabajo como director de soporte especializado en ProfesionalHosting ayudando a todos nuestros clientes wordpresseros en su aventura con este CMS, realizando I+D y mejorando nuestro servicio de WordPress a nivel de c\u00f3digo. <\/span><\/span><\/p>\n<p><span class=\"message_body\"><span class=\"short_text\">Amante del desarrollo web y experimentado en Frontend, Backend, automatismos &#8230; <\/span><\/span><\/p>\n<p><span class=\"message_body\"><span class=\"short_text\">Obsesionado con mejorar la velocidad de las webs para as\u00ed dar un mejor servicio a los WordPress. Actualmente soy el jefe del departamento de Soporte Especializado en <a href=\"http:\/\/profesionalhosting.com\" target=\"_blank\" rel=\"noreferrer nofollow\">ProfesionalHosting.com<\/a> y <a href=\"http:\/\/hosting-wordpress.es\" target=\"_blank\" rel=\"noreferrer\">hosting-wordpress.es<\/a>.<\/span><\/span><\/p>\n\t\t\t\t<\/div>\n\t\t\t<\/div>\n\n\t\t\n\t\t\t<!-- Organizers note: The id attribute is deprecated and only remains for backwards compatibility, please use the corresponding class to target individual speakers -->\n\t\t\t<div id=\"wcorg-speaker-ruben-alcala\" class=\"wcorg-speaker wcorg-speaker-ruben-alcala wcorg-track-salon-actos-andalucia-lab\">\n\t\t\t\t<h2>\n\t\t\t\t\t\n\t\t\t\t\t\tRuben Alcal\u00e1\n\t\t\t\t\t\t\t\t\t<\/h2>\n\n\t\t\t\t<div class=\"wcorg-speaker-description\">\n\t\t\t\t\t<img alt='' src='https:\/\/secure.gravatar.com\/avatar\/288c55db7f0b8070f25ce8f4818b9032c8514ebb0b4daa71fc38c1b7b72eeb53?s=100&#038;d=mm&#038;r=g' srcset='https:\/\/secure.gravatar.com\/avatar\/288c55db7f0b8070f25ce8f4818b9032c8514ebb0b4daa71fc38c1b7b72eeb53?s=200&#038;d=mm&#038;r=g 2x' class='avatar avatar-100 photo' height='100' width='100' \/>\t\t\t\t\t<p>Desarrollador web y de apps desde 2010. Es fan\u00e1tico del UI, y del dise\u00f1o \u00abClean\u00bb, le encanta WP y lo ha utilizado en mas de 100 proyectos.<\/p>\n<p>Ahora es co-fundador de Geometric una agencia de desarrollo enfocada en la creaci\u00f3n de nuevas ideas tecnol\u00f3gicas. Algunas de ellas enfocadas en el \u00e1mbito cient\u00edfico.<\/p>\n\t\t\t\t<\/div>\n\t\t\t<\/div>\n\n\t\t\n\t\t\t<!-- Organizers note: The id attribute is deprecated and only remains for backwards compatibility, please use the corresponding class to target individual speakers -->\n\t\t\t<div id=\"wcorg-speaker-mercedes-romero\" class=\"wcorg-speaker wcorg-speaker-mercedes-romero wcorg-track-salon-actos-andalucia-lab\">\n\t\t\t\t<h2>\n\t\t\t\t\t\n\t\t\t\t\t\tMercedes Romero\n\t\t\t\t\t\t\t\t\t<\/h2>\n\n\t\t\t\t<div class=\"wcorg-speaker-description\">\n\t\t\t\t\t<img alt='' src='https:\/\/secure.gravatar.com\/avatar\/24f9c47c8104b9988ac0b2e6fe1d29e8edda4d77c61f621b41a7f5c0b9a7d3ad?s=100&#038;d=mm&#038;r=g' srcset='https:\/\/secure.gravatar.com\/avatar\/24f9c47c8104b9988ac0b2e6fe1d29e8edda4d77c61f621b41a7f5c0b9a7d3ad?s=200&#038;d=mm&#038;r=g 2x' class='avatar avatar-100 photo' height='100' width='100' \/>\t\t\t\t\t<p>Mercedes es desarrolladora especializada en WordPress y dedica cada d\u00eda a desarrollar sitios hechos exclusivamente con WordPress para clientes de todo el mundo, en el estudio de desarrollo web blogalizate, junto a Roberto Miralles.<\/p>\n<p>Le gusta adentrarme en las entra\u00f1as del c\u00f3digo y obtener de WordPress todo su potencial.<\/p>\n<p>Otra de sus facetas es la de formadora y comunicadora, ya que disfruta ense\u00f1ando a los dem\u00e1s aquello que ella, a su vez, ha aprendido de sus mentores.<\/p>\n<p>Colabora activamente con la comunidad WordPress de Espa\u00f1a impartiendo charlas y ponencias en WordCamps y meetups. Adem\u00e1s es fundadora, junto a Roberto Miralles de la WordPress Meetup Marbella (M\u00e1laga) y la WordPress Meetup Chiclana (C\u00e1diz).<\/p>\n<p>Mercedes es emprendedora por naturaleza y cuenta con una experiencia de m\u00e1s de 20 a\u00f1os en la creaci\u00f3n de negocios de \u00e9xito.<\/p>\n<p>Por cierto, es \u00abMac-era\u00bb convencida, y una de sus herramientas preferidas es SublimeText, con el que trabaja el 90% del tiempo.<\/p>\n\t\t\t\t<\/div>\n\t\t\t<\/div>\n\n\t\t\n\t\t\t<!-- Organizers note: The id attribute is deprecated and only remains for backwards compatibility, please use the corresponding class to target individual speakers -->\n\t\t\t<div id=\"wcorg-speaker-antonio-felipe-martin-reyes\" class=\"wcorg-speaker wcorg-speaker-antonio-felipe-martin-reyes wcorg-track-salon-actos-andalucia-lab\">\n\t\t\t\t<h2>\n\t\t\t\t\t\n\t\t\t\t\t\tAntonio Felipe Mart\u00edn Reyes\n\t\t\t\t\t\t\t\t\t<\/h2>\n\n\t\t\t\t<div class=\"wcorg-speaker-description\">\n\t\t\t\t\t<img alt='' src='https:\/\/secure.gravatar.com\/avatar\/e462ffcb082940dae541e135be8adf66670ec47dc886061a6835c88d700384cf?s=100&#038;d=mm&#038;r=g' srcset='https:\/\/secure.gravatar.com\/avatar\/e462ffcb082940dae541e135be8adf66670ec47dc886061a6835c88d700384cf?s=200&#038;d=mm&#038;r=g 2x' class='avatar avatar-100 photo' height='100' width='100' \/>\t\t\t\t\t<p>Licenciado en Ciencias F\u00edsicas, M\u00e1ster en Gesti\u00f3n de Sistemas de Calidad y Experto en Marketing 3.0. Especialista en email marketing y en an\u00e1lisis de informaci\u00f3n en redes sociales. Docente de vocaci\u00f3n con experiencia en el an\u00e1lisis de datos y tendencias.<\/p>\n<p>Compagino mi actividad como CEO de Nambaruan Sociedad Cooperativa Andaluza con las de creativo y director en Us\u00fblun (http:\/\/usulun.es) y como Data Storytelling Manager en Despertalia (http:\/\/despertalia.com).<\/p>\n<p>Como dijo Bertrand Russell: \u00aben todas las actividades es saludable, de vez en cuando, poner un signo de interrogaci\u00f3n sobre aquellas cosas que por mucho tiempo se han dado como seguras.\u00bb<\/p>\n<p>https:\/\/es.linkedin.com\/in\/antoniofelipemartinreyes<\/p>\n\t\t\t\t<\/div>\n\t\t\t<\/div>\n\n\t\t\n\t\t\t<!-- Organizers note: The id attribute is deprecated and only remains for backwards compatibility, please use the corresponding class to target individual speakers -->\n\t\t\t<div id=\"wcorg-speaker-rafa-poveda\" class=\"wcorg-speaker wcorg-speaker-rafa-poveda wcorg-track-salon-actos-andalucia-lab\">\n\t\t\t\t<h2>\n\t\t\t\t\t\n\t\t\t\t\t\tRafa Poveda\n\t\t\t\t\t\t\t\t\t<\/h2>\n\n\t\t\t\t<div class=\"wcorg-speaker-description\">\n\t\t\t\t\t<img alt='' src='https:\/\/secure.gravatar.com\/avatar\/ea3385f8fe14be10e41fb5bd87e9b3cd6035876fe36a9a6a8f27b5d7d8e02e2f?s=100&#038;d=mm&#038;r=g' srcset='https:\/\/secure.gravatar.com\/avatar\/ea3385f8fe14be10e41fb5bd87e9b3cd6035876fe36a9a6a8f27b5d7d8e02e2f?s=200&#038;d=mm&#038;r=g 2x' class='avatar avatar-100 photo' height='100' width='100' \/>\t\t\t\t\t<p>Rafa es evangelizador de Software Libre y de WordPress. Ha estado trabajando como desarrollador de WordPress desde 2007, ayudando a otras compa\u00f1\u00edas a comunicarse y a tener una presencia online, utilizando WordPress como herramienta principal. Tambi\u00e9n da cursos de WordPress y formaci\u00f3n in-company para desarrolladores de WordPress.<\/p>\n<p>En la Comunidad de WordPress, Rafa es validador de cadenas para WordPress en espa\u00f1ol, administrador de los foros de espa\u00f1ol, co-organizador de WordCamp Sevilla y los meetups de WordPress de Sevilla, ponente habitual en Meetups y WordCamps, y co-autor del libro \u201cWordPress para Dummies\u201d.<\/p>\n<p><a href=\"https:\/\/twitter.com\/bi0xid\">@bi0xid<\/a> | <a href=\"http:\/\/pixelatedheart.com\/\">http:\/\/pixelatedheart.com\/<\/a><\/p>\n\t\t\t\t<\/div>\n\t\t\t<\/div>\n\n\t\t\n\t\t\t<!-- Organizers note: The id attribute is deprecated and only remains for backwards compatibility, please use the corresponding class to target individual speakers -->\n\t\t\t<div id=\"wcorg-speaker-abel-sutilo\" class=\"wcorg-speaker wcorg-speaker-abel-sutilo wcorg-track-salon-actos-andalucia-lab\">\n\t\t\t\t<h2>\n\t\t\t\t\t\n\t\t\t\t\t\tAbel Sutilo\n\t\t\t\t\t\t\t\t\t<\/h2>\n\n\t\t\t\t<div class=\"wcorg-speaker-description\">\n\t\t\t\t\t<img alt='' src='https:\/\/secure.gravatar.com\/avatar\/952650443e78b90ca54f61ab6436bd355e0f1c9fdbf5f79bbc46995df3f40f82?s=100&#038;d=mm&#038;r=g' srcset='https:\/\/secure.gravatar.com\/avatar\/952650443e78b90ca54f61ab6436bd355e0f1c9fdbf5f79bbc46995df3f40f82?s=200&#038;d=mm&#038;r=g 2x' class='avatar avatar-100 photo' height='100' width='100' \/>\t\t\t\t\t<p>Abel Sutilo es dise\u00f1ador de Producto Digital, socio en Agencia Root, formador de dise\u00f1o a trav\u00e9s de distintas instituciones que imparten m\u00e1steres y cursos, freelance, fot\u00f3grafo aficionado y un p\u00e9simo actor de comedia. No necesariamente en ese orden.<\/p>\n\t\t\t\t<\/div>\n\t\t\t<\/div>\n\n\t\t\n\t\t\t<!-- Organizers note: The id attribute is deprecated and only remains for backwards compatibility, please use the corresponding class to target individual speakers -->\n\t\t\t<div id=\"wcorg-speaker-andy-garcia\" class=\"wcorg-speaker wcorg-speaker-andy-garcia wcorg-track-salon-actos-andalucia-lab\">\n\t\t\t\t<h2>\n\t\t\t\t\t\n\t\t\t\t\t\tAndy Garc\u00eda\n\t\t\t\t\t\t\t\t\t<\/h2>\n\n\t\t\t\t<div class=\"wcorg-speaker-description\">\n\t\t\t\t\t<img alt='' src='https:\/\/secure.gravatar.com\/avatar\/d8e87fe432d31be31ea0a2aea1e50d90dba0122406002bc66aeb35eff3f82152?s=100&#038;d=mm&#038;r=g' srcset='https:\/\/secure.gravatar.com\/avatar\/d8e87fe432d31be31ea0a2aea1e50d90dba0122406002bc66aeb35eff3f82152?s=200&#038;d=mm&#038;r=g 2x' class='avatar avatar-100 photo' height='100' width='100' \/>\t\t\t\t\t<p>Organizador del congreso de comunicaci\u00f3n y marketing online #ActitudSocial, webmaster SEO, consultor de negocios 2.0, analista de errores buscando la excelencia, docente y conferenciante TIC.<\/p>\n<p>Trabaja como aut\u00f3nomo en empresas locales, regionales e internacionales de diversos sectores: Iberamer S.A. (Uruguay), Cl\u00ednicas Ginecol\u00f3gicas del Doctor S\u00e1enz de Santamar\u00eda, Andaluc\u00eda Lab Marbella&#8230;<\/p>\n<p>Ha desarrollado m\u00e1s de 100 proyectos web, por cuenta ajena o propia, usando pr\u00e1cticamente todas las tecnolog\u00edas de la informaci\u00f3n y la comunicaci\u00f3n que existen, lo cual le concede la perspectiva que otorga la experiencia para afrontar nuevos proyectos con garant\u00edas de \u00e9xito.<\/p>\n<p>Actualmente compagina su trabajo como consultor y docente con la direcci\u00f3n de inmokia, empresa propia de servicios publicitarios para inmobiliarias, un proyecto para crear experiencias de realidad virtual y una Red Social Disney.<\/p>\n\t\t\t\t<\/div>\n\t\t\t<\/div>\n\n\t\t\n\t\t\t<!-- Organizers note: The id attribute is deprecated and only remains for backwards compatibility, please use the corresponding class to target individual speakers -->\n\t\t\t<div id=\"wcorg-speaker-beatriz-lavela\" class=\"wcorg-speaker wcorg-speaker-beatriz-lavela wcorg-track-salon-actos-andalucia-lab\">\n\t\t\t\t<h2>\n\t\t\t\t\t\n\t\t\t\t\t\tBeatriz Lavela\n\t\t\t\t\t\t\t\t\t<\/h2>\n\n\t\t\t\t<div class=\"wcorg-speaker-description\">\n\t\t\t\t\t<img alt='' src='https:\/\/secure.gravatar.com\/avatar\/426ce871c26e1f22ec77f9afac99949daeaf67449e9b0abfabc3b20604658aff?s=100&#038;d=mm&#038;r=g' srcset='https:\/\/secure.gravatar.com\/avatar\/426ce871c26e1f22ec77f9afac99949daeaf67449e9b0abfabc3b20604658aff?s=200&#038;d=mm&#038;r=g 2x' class='avatar avatar-100 photo' height='100' width='100' \/>\t\t\t\t\t<p>Amante del c\u00f3digo en general y de WordPress en particular. Cordobesa de nacimiento y malague\u00f1a de adopci\u00f3n. Madre, desarrolladora, creativa y un poco desordenada&#8230;<\/p>\n<p>La crisis es un momento de oportunidades, y despu\u00e9s de 10 a\u00f1os trabajando por cuenta ajena mont\u00e9 Wadda con un par de socios m\u00e1s. Desde hace\u00a02014\u00a0nos encanta compartir nuestra pasi\u00f3n por el dise\u00f1o y el desarrollo web con nuestros clientes.<\/p>\n\t\t\t\t<\/div>\n\t\t\t<\/div>\n\n\t\t\n\t<\/div>\n\n\t\n","protected":false},"excerpt":{"rendered":"","protected":false},"author":14821767,"featured_media":0,"parent":0,"menu_order":0,"comment_status":"closed","ping_status":"closed","template":"page-templates\/full-width.php","meta":{"jetpack_post_was_ever_published":false,"footnotes":""},"class_list":["post-8","page","type-page","status-publish","hentry"],"jetpack_sharing_enabled":true,"jetpack_shortlink":"https:\/\/wp.me\/P7lm45-8","_links":{"self":[{"href":"https:\/\/marbella.wordcamp.org\/2016\/wp-json\/wp\/v2\/pages\/8","targetHints":{"allow":["GET"]}}],"collection":[{"href":"https:\/\/marbella.wordcamp.org\/2016\/wp-json\/wp\/v2\/pages"}],"about":[{"href":"https:\/\/marbella.wordcamp.org\/2016\/wp-json\/wp\/v2\/types\/page"}],"author":[{"embeddable":true,"href":"https:\/\/marbella.wordcamp.org\/2016\/wp-json\/wp\/v2\/users\/14821767"}],"replies":[{"embeddable":true,"href":"https:\/\/marbella.wordcamp.org\/2016\/wp-json\/wp\/v2\/comments?post=8"}],"version-history":[{"count":4,"href":"https:\/\/marbella.wordcamp.org\/2016\/wp-json\/wp\/v2\/pages\/8\/revisions"}],"predecessor-version":[{"id":559,"href":"https:\/\/marbella.wordcamp.org\/2016\/wp-json\/wp\/v2\/pages\/8\/revisions\/559"}],"wp:attachment":[{"href":"https:\/\/marbella.wordcamp.org\/2016\/wp-json\/wp\/v2\/media?parent=8"}],"curies":[{"name":"wp","href":"https:\/\/api.w.org\/{rel}","templated":true}]}}